{"id":620,"date":"2023-09-19T19:09:35","date_gmt":"2023-09-19T19:09:35","guid":{"rendered":"https:\/\/www.wiwax.eu\/?page_id=620"},"modified":"2025-12-14T19:18:12","modified_gmt":"2025-12-14T19:18:12","slug":"fundusze-europejskie","status":"publish","type":"page","link":"https:\/\/www.wiwax.eu\/index.php\/fundusze-europejskie\/","title":{"rendered":"Fundusze europejskie"},"content":{"rendered":"\t\t<div data-elementor-type=\"wp-page\" data-elementor-id=\"620\" class=\"elementor elementor-620\" data-elementor-post-type=\"page\">\n\t\t\t\t<div class=\"elementor-element elementor-element-dbb7f93 e-flex e-con-boxed e-con e-parent\" data-id=\"dbb7f93\" data-element_type=\"container\" data-settings=\"{&quot;content_width&quot;:&quot;boxed&quot;,&quot;_ha_eqh_enable&quot;:false}\" data-core-v316-plus=\"true\">\n\t\t\t\t\t<div class=\"e-con-inner\">\n\t\t\t\t<div class=\"elementor-element elementor-element-dd122e4 elementor-widget elementor-widget-heading\" data-id=\"dd122e4\" data-element_type=\"widget\" data-widget_type=\"heading.default\">\n\t\t\t\t<div class=\"elementor-widget-container\">\n\t\t\t<style>\/*! elementor - v3.19.0 - 29-01-2024 *\/\n.elementor-heading-title{padding:0;margin:0;line-height:1}.elementor-widget-heading .elementor-heading-title[class*=elementor-size-]>a{color:inherit;font-size:inherit;line-height:inherit}.elementor-widget-heading .elementor-heading-title.elementor-size-small{font-size:15px}.elementor-widget-heading .elementor-heading-title.elementor-size-medium{font-size:19px}.elementor-widget-heading .elementor-heading-title.elementor-size-large{font-size:29px}.elementor-widget-heading .elementor-heading-title.elementor-size-xl{font-size:39px}.elementor-widget-heading .elementor-heading-title.elementor-size-xxl{font-size:59px}<\/style><h2 class=\"elementor-heading-title elementor-size-default\">Projekty wsp\u00f3\u0142finansowane<\/h2>\t\t<\/div>\n\t\t\t\t<\/div>\n\t\t\t\t\t<\/div>\n\t\t\t\t<\/div>\n\t\t<div class=\"elementor-element elementor-element-a32e9aa e-flex e-con-boxed e-con e-parent\" data-id=\"a32e9aa\" data-element_type=\"container\" data-settings=\"{&quot;content_width&quot;:&quot;boxed&quot;,&quot;_ha_eqh_enable&quot;:false}\" data-core-v316-plus=\"true\">\n\t\t\t\t\t<div class=\"e-con-inner\">\n\t\t<div class=\"elementor-element elementor-element-ab4127b e-con-full e-flex e-con e-child\" data-id=\"ab4127b\" data-element_type=\"container\" data-settings=\"{&quot;content_width&quot;:&quot;full&quot;,&quot;_ha_eqh_enable&quot;:false}\">\n\t\t\t\t<div class=\"elementor-element elementor-element-89b61c6 elementor-widget elementor-widget-image\" data-id=\"89b61c6\" data-element_type=\"widget\" data-widget_type=\"image.default\">\n\t\t\t\t<div class=\"elementor-widget-container\">\n\t\t\t<style>\/*! elementor - v3.19.0 - 29-01-2024 *\/\n.elementor-widget-image{text-align:center}.elementor-widget-image a{display:inline-block}.elementor-widget-image a img[src$=\".svg\"]{width:48px}.elementor-widget-image img{vertical-align:middle;display:inline-block}<\/style>\t\t\t\t\t\t\t\t\t\t<img fetchpriority=\"high\" decoding=\"async\" width=\"1024\" height=\"716\" src=\"https:\/\/www.wiwax.eu\/wp-content\/uploads\/2023\/09\/20200112-tablica3-1024x716.jpg\" class=\"attachment-large size-large wp-image-624\" alt=\"\" srcset=\"https:\/\/www.wiwax.eu\/wp-content\/uploads\/2023\/09\/20200112-tablica3-1024x716.jpg 1024w, https:\/\/www.wiwax.eu\/wp-content\/uploads\/2023\/09\/20200112-tablica3-300x210.jpg 300w, https:\/\/www.wiwax.eu\/wp-content\/uploads\/2023\/09\/20200112-tablica3-768x537.jpg 768w, https:\/\/www.wiwax.eu\/wp-content\/uploads\/2023\/09\/20200112-tablica3-1536x1074.jpg 1536w, https:\/\/www.wiwax.eu\/wp-content\/uploads\/2023\/09\/20200112-tablica3-600x419.jpg 600w, https:\/\/www.wiwax.eu\/wp-content\/uploads\/2023\/09\/20200112-tablica3.jpg 1714w\" sizes=\"(max-width: 1024px) 100vw, 1024px\" \/>\t\t\t\t\t\t\t\t\t\t\t\t\t<\/div>\n\t\t\t\t<\/div>\n\t\t\t\t<\/div>\n\t\t<div class=\"elementor-element elementor-element-cffa0d8 e-con-full e-flex e-con e-child\" data-id=\"cffa0d8\" data-element_type=\"container\" data-settings=\"{&quot;content_width&quot;:&quot;full&quot;,&quot;_ha_eqh_enable&quot;:false}\">\n\t\t\t\t<div class=\"elementor-element elementor-element-f164953 elementor-widget elementor-widget-image\" data-id=\"f164953\" data-element_type=\"widget\" data-widget_type=\"image.default\">\n\t\t\t\t<div class=\"elementor-widget-container\">\n\t\t\t\t\t\t\t\t\t\t\t\t\t<img decoding=\"async\" width=\"1024\" height=\"712\" src=\"https:\/\/www.wiwax.eu\/wp-content\/uploads\/2025\/12\/projekt_12_2025-1024x712.png\" class=\"attachment-large size-large wp-image-4756\" alt=\"\" srcset=\"https:\/\/www.wiwax.eu\/wp-content\/uploads\/2025\/12\/projekt_12_2025-1024x712.png 1024w, https:\/\/www.wiwax.eu\/wp-content\/uploads\/2025\/12\/projekt_12_2025-300x209.png 300w, https:\/\/www.wiwax.eu\/wp-content\/uploads\/2025\/12\/projekt_12_2025-768x534.png 768w, https:\/\/www.wiwax.eu\/wp-content\/uploads\/2025\/12\/projekt_12_2025-1536x1069.png 1536w, https:\/\/www.wiwax.eu\/wp-content\/uploads\/2025\/12\/projekt_12_2025-370x256.png 370w, https:\/\/www.wiwax.eu\/wp-content\/uploads\/2025\/12\/projekt_12_2025-24x17.png 24w, https:\/\/www.wiwax.eu\/wp-content\/uploads\/2025\/12\/projekt_12_2025-36x25.png 36w, https:\/\/www.wiwax.eu\/wp-content\/uploads\/2025\/12\/projekt_12_2025-48x33.png 48w, https:\/\/www.wiwax.eu\/wp-content\/uploads\/2025\/12\/projekt_12_2025.png 1584w\" sizes=\"(max-width: 1024px) 100vw, 1024px\" \/>\t\t\t\t\t\t\t\t\t\t\t\t\t<\/div>\n\t\t\t\t<\/div>\n\t\t\t\t<\/div>\n\t\t<div class=\"elementor-element elementor-element-418a924 e-con-full e-flex e-con e-child\" data-id=\"418a924\" data-element_type=\"container\" data-settings=\"{&quot;content_width&quot;:&quot;full&quot;,&quot;_ha_eqh_enable&quot;:false}\">\n\t\t<div class=\"elementor-element elementor-element-be989bd e-con-full e-flex e-con e-child\" data-id=\"be989bd\" data-element_type=\"container\" data-settings=\"{&quot;content_width&quot;:&quot;full&quot;,&quot;_ha_eqh_enable&quot;:false}\">\n\t\t\t\t<div class=\"elementor-element elementor-element-06cb38e elementor-widget elementor-widget-text-editor\" data-id=\"06cb38e\" data-element_type=\"widget\" data-widget_type=\"text-editor.default\">\n\t\t\t\t<div class=\"elementor-widget-container\">\n\t\t\t<style>\/*! elementor - v3.19.0 - 29-01-2024 *\/\n.elementor-widget-text-editor.elementor-drop-cap-view-stacked .elementor-drop-cap{background-color:#69727d;color:#fff}.elementor-widget-text-editor.elementor-drop-cap-view-framed .elementor-drop-cap{color:#69727d;border:3px solid;background-color:transparent}.elementor-widget-text-editor:not(.elementor-drop-cap-view-default) .elementor-drop-cap{margin-top:8px}.elementor-widget-text-editor:not(.elementor-drop-cap-view-default) .elementor-drop-cap-letter{width:1em;height:1em}.elementor-widget-text-editor .elementor-drop-cap{float:left;text-align:center;line-height:1;font-size:50px}.elementor-widget-text-editor .elementor-drop-cap-letter{display:inline-block}<\/style>\t\t\t\t<p>Realizujemy projekt \u201eWdro\u017cenie na rynek innowacyjnych utlenionych wosk\u00f3w poliolefinowych i polietylenowych oraz emulsji wodnych tworzonych na ich bazie\u201d.<\/p><p>Projekt wsp\u00f3\u0142finansowany przez Uni\u0119 Europejsk\u0105<\/p>\t\t\t\t\t\t<\/div>\n\t\t\t\t<\/div>\n\t\t\t\t<\/div>\n\t\t\t\t<\/div>\n\t\t<div class=\"elementor-element elementor-element-38ac8f6 e-con-full e-flex e-con e-child\" data-id=\"38ac8f6\" data-element_type=\"container\" data-settings=\"{&quot;content_width&quot;:&quot;full&quot;,&quot;_ha_eqh_enable&quot;:false}\">\n\t\t<div class=\"elementor-element elementor-element-25cc34a e-con-full e-flex e-con e-child\" data-id=\"25cc34a\" data-element_type=\"container\" data-settings=\"{&quot;content_width&quot;:&quot;full&quot;,&quot;_ha_eqh_enable&quot;:false}\">\n\t\t\t\t<div class=\"elementor-element elementor-element-d660afe elementor-widget elementor-widget-text-editor\" data-id=\"d660afe\" data-element_type=\"widget\" data-widget_type=\"text-editor.default\">\n\t\t\t\t<div class=\"elementor-widget-container\">\n\t\t\t\t\t\t\t<p>Realizujemy projekt \u201eWdro\u017cenie na rynek innowacyjnej utlenionej struktury polimerowej&#8221;.<\/p><p>Projekt wsp\u00f3\u0142finansowany przez Uni\u0119 Europejsk\u0105<\/p>\t\t\t\t\t\t<\/div>\n\t\t\t\t<\/div>\n\t\t\t\t<\/div>\n\t\t\t\t<\/div>\n\t\t<div class=\"elementor-element elementor-element-3ea90e5 e-flex e-con-boxed e-con e-child\" data-id=\"3ea90e5\" data-element_type=\"container\" data-settings=\"{&quot;content_width&quot;:&quot;boxed&quot;,&quot;_ha_eqh_enable&quot;:false}\">\n\t\t\t\t\t<div class=\"e-con-inner\">\n\t\t\t\t\t<\/div>\n\t\t\t\t<\/div>\n\t\t\t\t\t<\/div>\n\t\t\t\t<\/div>\n\t\t\t\t<\/div>\n\t\t","protected":false},"excerpt":{"rendered":"<p>Projekty wsp\u00f3\u0142finansowane Realizujemy projekt \u201eWdro\u017cenie na rynek innowacyjnych utlenionych wosk\u00f3w poliolefinowych i polietylenowych oraz emulsji wodnych tworzonych na ich bazie\u201d. Projekt wsp\u00f3\u0142finansowany przez Uni\u0119 Europejsk\u0105 Realizujemy projekt \u201eWdro\u017cenie na rynek innowacyjnej utlenionej struktury polimerowej&#8221;. Projekt wsp\u00f3\u0142finansowany przez Uni\u0119 Europejsk\u0105<\/p>\n","protected":false},"author":1,"featured_media":0,"parent":0,"menu_order":0,"comment_status":"closed","ping_status":"closed","template":"","meta":{"footnotes":""},"lang":"pl","translations":{"pl":620,"zh":4906,"ww":4109},"pll_sync_post":[],"_links":{"self":[{"href":"https:\/\/www.wiwax.eu\/index.php\/wp-json\/wp\/v2\/pages\/620"}],"collection":[{"href":"https:\/\/www.wiwax.eu\/index.php\/wp-json\/wp\/v2\/pages"}],"about":[{"href":"https:\/\/www.wiwax.eu\/index.php\/wp-json\/wp\/v2\/types\/page"}],"author":[{"embeddable":true,"href":"https:\/\/www.wiwax.eu\/index.php\/wp-json\/wp\/v2\/users\/1"}],"replies":[{"embeddable":true,"href":"https:\/\/www.wiwax.eu\/index.php\/wp-json\/wp\/v2\/comments?post=620"}],"version-history":[{"count":6,"href":"https:\/\/www.wiwax.eu\/index.php\/wp-json\/wp\/v2\/pages\/620\/revisions"}],"predecessor-version":[{"id":4775,"href":"https:\/\/www.wiwax.eu\/index.php\/wp-json\/wp\/v2\/pages\/620\/revisions\/4775"}],"wp:attachment":[{"href":"https:\/\/www.wiwax.eu\/index.php\/wp-json\/wp\/v2\/media?parent=620"}],"curies":[{"name":"wp","href":"https:\/\/api.w.org\/{rel}","templated":true}]}}